?
10
Let n(g) = -17*g**2 - 185*g + 9. Give n(-11).
-13
Let t(c) = c**2 + 43771*c + 262555. What is t(-6)?
-35
Let f(z) = -z**2 + 186768*z - 4108420. Calculate f(22).
-8
Let w(q) = 800100*q + 3200380. Determine w(-4).
-20
Let l(r) = 839124*r - 4195623. Give l(5).
-3
Let i(z) = 15*z**2 + 8785*z + 32007. Determine i(-582).
-3
Let g(j) = 2561*j - 2568. What is g(1)?
-7
Let o(k) = -k**3 + 8*k**2 + 547*k - 5812. Give o(11).
-158
Let s(n) = 4*n**3 + 320*n**2 + 289*n - 2128. Calculate s(-79).
5
Let q(v) = -5*v**2 - 595*v - 3021. Determine q(-113).
369
Let z(l) = 4464*l + 459619. Give z(-103).
-173
Let p(x) = x**3 - 169*x**2 + 518*x - 3233. Determine p(166).
87
Let v(g) = -91*g**2 + 668*g - 32. Give v(7).
185
Let c(u) = -u**3 - 125*u**2 + 2901*u - 112. Calculate c(20).
-92
Let u(a) = 61*a**2 - 1340*a + 5367. Give u(4).
983
Let f(a) = a**2 - 323*a + 26859. Determine f(156).
807
Let c(x) = -7*x**3 + 4*x**2 - 2840*x - 5693. Give c(-2).
59
Let b(s) = -5077*s + 4759. Give b(1).
-318
Let m(v) = 34*v - 1453. Give m(41).
-59
Let j(z) = -75564*z - 75312. What is j(-1)?
252
Let j(o) = 68551*o + 68559. Determine j(-1).
8
Let c(z) = 3*z**2 - 45932*z + 3246044. Determine c(71).
-5
Let w(a) = 18018*a - 36034. Give w(2).
2
Let a(d) = -3*d**3 + 50*d**2 - 192*d - 15. What is a(11)?
-70
Let s(d) = 950*d + 46417. Calculate s(-49).
-133
Let g(q) = -625*q - 193608. Determine g(-310).
142
Let f(x) = 12*x**2 - 1222*x + 5626. What is f(97)?
0
Let g(z) = -z**3 - 1243*z**2 + 22702*z + 5087. Calculate g(-1261).
43
Let g(t) = -t**2 - 1026*t - 194009. Determine g(-250).
-9
Let n(t) = 71748*t - 645736. Determine n(9).
-4
Let t(v) = -v**3 + 62*v**2 + 809*v - 50248. Give t(62).
-90
Let n(k) = 7*k**2 - 1558*k - 55014. Give n(-31).
11
Let i(p) = 1115435*p - 1115438. What is i(1)?
-3
Let s(r) = -3528*r + 10952. Calculate s(3).
368
Let t(c) = -c**3 + 19*c**2 + 643*c - 9139. Give t(14).
843
Let z(i) = i**3 + 4*i**2 - 1059*i - 6. Determine z(0).
-6
Let u(s) = -s**2 + 265772*s + 49202049. Give u(-185).
4
Let m(q) = 81310*q - 813118. Give m(10).
-18
Let n(v) = -491*v + 27792. What is n(56)?
296
Let j(b) = -26*b**2 - 4153*b + 73110. What is j(16)?
6
Let d(v) = -2476*v - 133711. Give d(-54).
-7
Let c(w) = 527780*w + 2638904. Calculate c(-5).
4
Let c(h) = 1943752*h + 83581333. What is c(-43)?
-3
Let f(c) = 172*c**2 - 6137*c + 4039. Calculate f(35).
-56
Let g(s) = s**3 + 2*s**2 + 390*s + 3201. Determine g(-8).
-303
Let f(p) = 5*p**2 - 2081*p + 68767. Calculate f(380).
-13
Let z(n) = -2*n**2 + 533*n + 88941. Calculate z(-116).
201
Let a(k) = 510*k - 46911. What is a(92)?
9
Let m(n) = n**3 + 27*n**2 - 1116*n + 1698. Determine m(-50).
-2
Let t(i) = -746*i**2 - 24617*i + 23. Determine t(-33).
-10
Let k(b) = -2523281*b + 12616408. Determine k(5).
3
Let m(h) = 249*h - 4054. Determine m(16).
-70
Let j(d) = 3306*d - 18742. Determine j(6).
1094
Let z(s) = -s**3 - 106*s**2 - 962*s - 177. Determine z(-96).
15
Let l(w) = 7*w**2 - 103*w - 900. Calculate l(21).
24
Let d(b) = 5*b**2 + 634*b + 7886. Calculate d(-14).
-10
Let i(u) = 3221*u + 16101. Determine i(-5).
-4
Let g(o) = -o**3 - 2649*o**2 - 135046*o - 81. Give g(-52).
23
Let n(l) = 50*l - 1478. Calculate n(31).
72
Let g(p) = -p**3 + 669*p**2 + 77773*p - 2330. Give g(770).
-20
Let j(f) = 14*f**2 - 48209*f - 48211. What is j(-1)?
12
Let g(v) = 2*v**3 + 259*v**2 - 608*v + 6406. Give g(-132).
-458
Let a(z) = 15488*z - 433586. Calculate a(28).
78
Let b(d) = d**3 - 21*d**2 + 570*d - 1559. Calculate b(3).
-11
Let i(t) = 51676*t - 13952499. What is i(270)?
21
Let h(l) = 270*l - 98403. What is h(367)?
687
Let x(y) = 9*y**2 + 1107*y + 2174. What is x(-121)?
-4
Let l(w) = -w**2 - 1977*w - 27882. Determine l(-14).
-400
Let y(o) = -69*o**2 + 2081*o + 6862. What is y(-3)?
-2
Let i(q) = q**2 - 128*q + 2151. Determine i(96).
-921
Let f(t) = 2*t**2 - 429*t + 2895. What is f(7)?
-10
Let y(t) = 19*t**2 + 1207*t - 1767. Give y(-65).
53
Let w(u) = 30*u**2 + 1335*u - 668. What is w(-45)?
7
Let b(n) = -4*n**3 - 39*n**2 - 1007*n - 10078. What is b(-10)?
92
Let i(x) = x**2 + 12*x - 580. Determine i(-30).
-40
Let g(h) = 18*h**2 + 4481*h - 264. Determine g(-249).
-15
Let z(m) = -m**3 + 144*m**2 + 378*m - 12554. Determine z(146).
2
Let g(n) = -76*n**2 - 9021*n - 23781. Determine g(-116).
-1
Let j(h) = 15*h**3 - 534*h**2 - 219*h + 75. Calculate j(36).
-33
Let m(z) = 89*z**2 + 5762*z + 179. Determine m(-65).
1674
Let w(z) = -76*z**2 - 11854*z + 11850. Calculate w(1).
-80
Let x(o) = -2*o**3 - 3*o**2 - 48*o - 193. Give x(-3).
-22
Let s(z) = 6887*z + 1590834. What is s(-231)?
-63
Let h(x) = -3295*x + 98839. Calculate h(30).
-11
Let f(n) = -107654*n + 968908. What is f(9)?
22
Let x(c) = 3748*c + 550978. Determine x(-147).
22
Let x(f) = -1571*f - 1082412. Determine x(-689).
7
Let d(j) = 1659*j - 155933. Calculate d(94).
13
Let i(v) = 857*v + 3161. Calculate i(-4).
-267
Let n(v) = 8*v**3 - 421*v**2 - 260*v + 5291. Give n(53).
-62
Let x(d) = 62*d**3 + 1104*d**2 + 856*d + 93. What is x(-17)?
-9
Let h(b) = 6272*b - 1304581. What is h(208)?
-5
Let b(p) = -p**3 + 10*p**2 + 38*p + 930. Determine b(16).
2
Let t(a) = -318*a**2 - 9244*a - 337. What is t(-29)?
301
Let m(p) = -p**3 - 90*p**2 + 396*p + 2215. Give m(-94).
335
Let i(d) = 22*d + 545. What is i(-72)?
-1039
Let y(q) = -2724*q + 122604. Give y(45).
24
Let k(w) = -w**2 + 58*w - 918. Give k(25).
-93
Let h(k) = 8*k**2 + 220*k - 574. Determine h(-34).
1194
Let g(d) = 3283*d**2 - 13130*d + 9. What is g(4)?
17
Let j(l) = -153*l - 407. Give j(-2).
-101
Let w(r) = -57*r**2 - 11908*r + 119. Give w(-209).
-926
Let i(g) = 90*g + 1191. What is i(-18)?
-429
Let v(p) = 16201*p - 32382. Calculate v(2).
20
Let m(o) = 14*o**3 - 709*o**2 - 263*o + 402. Calculate m(51).
-6
Let z(m) = 793*m - 52531. Calculate z(66).
-193
Let f(u) = -3*u**3 - 120*u**2 - 17*u - 575. Calculate f(-40).
105
Let g(f) = f**3 + 7*f**2 - 594*f - 1784. Determine g(-3).
34
Let v(z) = z**3 + z**2 - 744*z + 343. What is v(-28)?
7
Let b(h) = -3*h**2 - 3545*h - 24700. Determine b(-7).
-32
Let z(k) = -15*k**2 - 258*k + 455. Calculate z(-19).
-58
Let h(o) = 2747*o - 148372. Determine h(54).
-34
Let t(g) = 17*g**3 + 96*g**2 + 12*g + 152. Determine t(-6).
-136
Let t(r) = 2*r**3 - 13*r**2 - 55*r + 1. Give t(-3).
-5
Let p(n) = -3*n**3 - 24*n**2 - 170*n + 173. Give p(-11).
3132
Let g(m) = m**2 - 70*m - 7914. Determine g(-62).
270
Let z(d) = d**2 + 19*d - 18337. Determine z(126).
-67
Let v(a) = 292*a**3 + 33*a**2 + 35*a - 1. Determine v(-1).
-295
Let r(w) = -2*w**3 - 20*w**2 - 94*w + 679. Give r(7).
-1645
Let m(a) = -a**3 - 8*a**2 + 349*a + 2509. Calculate m(-7).
17
Let u(x) = 9*x**2 - 1159*x + 2059. Give u(127).
27
Let b(c) = -c**3 - 103*c**2 - 2636*c - 6. Calculate b(-55).
-226
Let y(a) = -a**3 + 63*a**2 - 1026*a + 36. Determine y(31).
-1018
Let d(f) = f**3 - 114*f**2 + 3252*f + 120. Determine d(54).
768
Let v(d) = 3*d**2 - 352*d + 9008. Give v(38).
-36
Let q(f) = -1138*f - 2801. Calculate q(-2).
-525
Let t(v) = -79*v**2 - 80*v + 213. Determine t(5).
-2162
Let s(r) = 976*r - 12422. What is s(13)?
266
Let k(w) = 1099*w - 6477. Determine k(6).
117
Let v(w) = 4*w**3 - 26*w**2 + 12*w - 59. Determine v(7).
123
Let k(i) = 66*i - 41517. What is k(629)?
-3
Let m(k) = -8404*k + 142877. Determine m(17).
9
Let c(s) = 3894*s - 61679. Calculate c(16).
625
Let d(g) = 2*g**3 - 70*g**2 + 422*g + 73. Calculate d(8).
-7
Let k(o) = 2*o**3 - 65*o**2 - 206*o - 1. What is k(-3)?
-22
Let b(u) = -2061*u - 2080. Give b(-1).
-19
Let y(i) = i**3 - 25*i**2 + 24*i + 464. What is y(22)?
-460
Let i(u) = -48*u - 3268. Determine i(-73).
236
Let l(n) = -1750*n + 2350245. Calculate l(1343).
-5
Let r(d) = 638*d**2 - 7627*d - 353. Give r(12).
-5
Let t(a) = a**2 + 28191*a - 253831. Give t(9).
-31
Let o(z) = 5*z**2 - 55998*z - 336177. What is o(-6)?
-9
Let p(h) = -31*h + 964. Calculate p(28).
96
Let k(u) = 1073*u - 113242. What is k(102)?
-3796
Let z(x) = 25*x**2 - 209*x + 120. Give z(8).
48
Let c(d) = 48975*d - 489753. Determine c(10).
-3
Let g(p) = 10*p**2 - 306*p - 39. Determine g(29).
-503
Let u(h) = -2000*h + 168123. Calculate u(84).
123
Let f(a) = 722*a**2 + 1397*a - 13. Determine f(-2).
81
Let p(x) = -9272*x + 213624. Give p(23).
368
Let q(u) = u**2 + 400*u + 8550. Calculate q(-23).
-121
Let o(d) = d**3 - 48*d**2 - 3637*d +